hest common factor of v and 21?
3
Let v(r) = -3*r + 5. Let q be v(7). Let k = q + 80. Let f(w) = -w**3 - 7*w**2 + 8*w + 8. Let c be f(-8). What is the highest common divisor of k and c?
8
Let n = 37 - 15. Suppose 5*u = t + n, -2*t = -0*u + 4*u - 26. Calculate the highest common divisor of u and 10.
5
Let i(q) = -15*q + 3. Let w(n) = -46*n + 10. Let x(a) = -11*i(a) + 4*w(a). Let d = -14 - -8. Let k be x(d). Calculate the greatest common divisor of k and 11.
11
Suppose -q + 377 + 36 = 0. What is the highest common divisor of q and 59?
59
Let k be 2 + 1 + -1 - -46. What is the highest common divisor of 6 and k?
6
Let b(u) = 15*u**3 - u + 1. Let s be b(2). Suppose 0 = -4*x + 78 + 46. Let d = 48 - x. Calculate the highest common factor of s and d.
17
Let y(w) = -13*w - 71. Let p be y(-9). Calculate the highest common divisor of p and 1242.
46
Let f = 220 - 138. What is the greatest common factor of 164 and f?
82
Let p be (-256)/40 - -6 - 67/(-5). Calculate the greatest common divisor of p and 559.
13
Let q(m) = 23*m**2 - 46*m - 356. Let s be q(-6). What is the greatest common factor of 68 and s?
68
Let a = -786 - -936. Calculate the highest common divisor of a and 550.
50
Suppose 0*y + 25 = 4*y + 3*i, 2*i - 40 = -5*y. Suppose -5*n = -4*p - 312, -p + 48 = n - 9. Calculate the highest common factor of y and n.
10
Let s(p) = -p + 3. Let u be s(-3). Let l be (3 + 33/(-12))*4*18. What is the highest common divisor of l and u?
6
Let m = 205 - -42. Calculate the highest common divisor of 19 and m.
19
Let x = -24 + 26. Let d be (-12485)/(-35) - x/(-7). Suppose -3*t = -1329 + d. Calculate the highest common divisor of 36 and t.
36
Suppose -26*o - 4*d - 95 = -29*o, 0 = o + 5*d - 38. Calculate the greatest common factor of o and 22.
11
Let g(w) = 2*w**2 - 14*w + 3. Let k be g(11). Calculate the highest common divisor of k and 13.
13
Let c(l) = l**2 - 2*l - 7. Let a be c(6). What is the highest common factor of 136 and a?
17
Suppose -5*a = 4*d - 52, 5*a - 3*d - 64 = -d. Calculate the highest common divisor of a and 66.
6
Let o = 3 + -27. Let n = 12 - o. Let v be (4 - -5 - 3) + -2. What is the greatest common factor of n and v?
4
Suppose 2*g = 6, -4*k + 2*g + 2*g + 32 = 0. What is the greatest common factor of k and 77?
11
Suppose 2*o - 4 = -0*o. Let l be ((5 + -3)/o)/(-1). Let g(h) = -12*h. Let a be g(l). Calculate the greatest common factor of a and 12.
12
Suppose -5*a + 5*g + 50 = 0, a + 4*g - 26 = -a. Let o(c) = c**2 + c - 1. Let l be o(-5). Suppose l = 3*z - 14. Calculate the highest common divisor of a and z.
11
Suppose -6*t + 12 = -3*t. Suppose -2 = k - 4*q + 3, 0 = t*k - q - 40. What is the greatest common divisor of 11 and k?
11
Let a be (2/5)/((-7)/(-35)) + -11. Let p(f) = 2*f**2 - f + 4. Let v be p(4). Let s = a + v. What is the highest common factor of 207 and s?
23
Let r = 167 - -88. Calculate the greatest common factor of r and 102.
51
Let m be (-24)/(-16)*(-4774)/(-33). What is the highest common divisor of 403 and m?
31
Let r = 167 - 114. Calculate the greatest common factor of r and 159.
53
Suppose 149 - 734 = -13*g. Suppose -42*z - 90 = -g*z. What is the highest common divisor of 75 and z?
15
Let f(z) = -11*z**3 - 10*z**2 - 13*z - 22. Let n be f(-5). Calculate the greatest common factor of n and 16.
16
Suppose -5*g = -25 - 65. Let i be 156/g*(5 + -2). Suppose x + 0*f + f = 12, -2*f = -2*x + 28. What is the highest common factor of i and x?
13
Let h = -62 + 413. Suppose -5*s + 4*c = -203, 0 = 4*s - c - 191 + 33. What is the greatest common factor of h and s?
39
Let t(q) = -q**3 + 4*q**2 + 4*q - 11. Let z be t(3). Calculate the greatest common factor of 40 and z.
10
Let d = -62 + 88. Let r be (2184/(-60))/(1/(-5)). Calculate the highest common divisor of d and r.
26
Let r be (12/10)/3 + (-98)/(-5). What is the greatest common factor of 500 and r?
20
Let r(z) = -3*z - 157. Let l be r(-61). What is the greatest common divisor of l and 39?
13
Let h = 1 + -5. Let f = 0 - h. Let g(m) = m**3 + m + 8. Let a be g(0). What is the greatest common factor of a and f?
4
Suppose 78*g = 60*g + 2448. What is the greatest common divisor of 24 and g?
8
Let o be ((-1)/3)/((-45)/39150). Calculate the greatest common divisor of 58 and o.
58
Let w(r) = 22*r + 330. Let m be w(-14). What is the greatest common factor of m and 11?
11
Let z = -54 + 50. Let w be (66 + 0)*3*(-2)/z. Suppose 4*v + 2*c = 23 + 19, 2*v - 18 = -4*c. Calculate the highest common divisor of v and w.
11
Let t be 1/7 - 83/(-7). Let j(y) = y + 2 - 8 - 3*y - t. Let o be j(-11). What is the highest common divisor of o and 1?
1
Let x = 238 + -165. What is the greatest common factor of 1387 and x?
73
Let r(b) = -12*b + 708. Let n be r(48). What is the greatest common factor of n and 462?
66
Let y = 18 - 2. Suppose -5*x - 22 = q + 2*q, -q + y = -3*x. Suppose 21*p = -341 + 362. What is the greatest common factor of q and p?
1
Let v(t) = 1 - 4*t**2 + 10*t**3 + 17*t + 11*t - 5 - 23*t. Let o be v(2). What is the greatest common divisor of o and 28?
14
Let g(i) = -35*i - 1. Let o be g(2). Let v = 116 + o. What is the greatest common divisor of v and 9?
9
Suppose 0 = 4*f + 4*q - 84, 2*f + 3*q = 6*f - 91. Suppose 3*u - 81 = -2*l - f, -3*u + 53 = 5*l. Calculate the greatest common divisor of 147 and u.
21
Let n = -81 + 108. Suppose 54 = 2*s - s. Suppose 0 = 2*q - 5*q + s. Calculate the greatest common divisor of n and q.
9
Let f be -14*((-3)/2 - -2). Let d be f/(2*4/(-8)). Let c be (36/d)/(9/42). Calculate the highest common divisor of 6 and c.
6
Suppose -4*g + o + 1422 = -g, -3*o = -4*g + 1901. Let i(n) = -7*n + 211. Let p be i(24). Calculate the greatest common factor of g and p.
43
Let x(y) = 2*y + 3*y - 8*y + 16 + 2*y. Let c be x(-9). What is the greatest common divisor of 5 and c?
5
Let h be 196 + (72/9)/(-2). What is the highest common factor of 144 and h?
48
Let q be 0/((-3)/(7 - 4)). Suppose 2*l = 0, 4*l - 8 = -4*x - q*x. Let k be ((-18)/x)/(-3) - -22. What is the highest common divisor of 75 and k?
25
Let w(u) = -u. Let i(k) = 4*k + 14. Let o(t) = -i(t) + 4*w(t). Let r be o(-7). What is the greatest common divisor of 6 and r?
6
Let f be 8/20 - (-5388)/30. What is the greatest common divisor of 30 and f?
30
Suppose 0 = -5*a - 5*c + 215, 2*c - 10 = -0. What is the highest common divisor of 2 and a?
2
Suppose 3*q = -8 - 4, 0 = 5*n - 3*q - 187. What is the highest common divisor of n and 133?
7
Suppose 6*i + 0*i = 486. Let h be (-4)/14 - (-380)/7. What is the greatest common divisor of h and i?
27
Suppose 12*v - 40 = 296. Calculate the highest common factor of v and 14.
14
Let f(y) = -y**2 - y + 38. Let b be f(0). Let r = 1546 + -1451. Calculate the highest common divisor of r and b.
19
Suppose 13*r - 1785 = -22*r. Let j(w) = -w**2 + 4*w - 4. Let c be j(4). Let i(y) = -5*y - 3. Let d be i(c). Calculate the greatest common factor of r and d.
17
Let i be -18 + 3 - (-12)/4. Let k be (i + 25)/(1/59). Let r = k - 461. What is the greatest common factor of 34 and r?
34
Suppose 18*i = 6*i + 1152. Calculate the highest common factor of 84 and i.
12
Let h = 230 - 186. What is the greatest common factor of 242 and h?
22
Let s(d) = -2*d + 27. Let l be s(11). Suppose -20 = -l*r, -f + 2*f + 3*r = 26. What is the greatest common divisor of 35 and f?
7
Suppose 3*m + 2 = 4*m. Suppose -m*j = -j - 4. Suppose 0 = -3*h + p + 18 + 44, 4*p + 8 = 0. What is the highest common divisor of h and j?
4
Let w(f) = -f**2 + 15*f - 17. Let x be w(14). Let j be (20/x)/(5/(-15)). Calculate the highest common divisor of j and 10.
10
Suppose 4*y - 5*v = 995, 7*y + 748 = 10*y - 2*v. Calculate the highest common factor of 200 and y.
50
Let s = -8 + 25. Let t be ((-4)/5)/(s/(-1190)). What is the highest common divisor of 8 and t?
8
Suppose -120 = -0*o - 3*o. Let u = 14 + -9. Suppose 12 = 3*t - u*l, 3*l - 11 = -4*t + 5. What is the highest common divisor of t and o?
4
Let m be (-4)/(0 + -8)*-2. Let o be 1316/7 - (m + 4). Suppose 2*g + 96 = 3*t, t - 6*t - 5*g + o = 0. What is the greatest common divisor of 17 and t?
17
Let m be (2 + (-1)/5)/((-66)/(-3630)). Suppose n - 4*n = -33. What is the greatest common factor of m and n?
11
Let t = -1 + 5. Let y be (2/t)/((-5)/(-70)). Let b(l) = -l**2 + 9*l - 8. Let m be b(y). Calculate the highest common